{"id":521,"date":"2022-02-14T12:02:28","date_gmt":"2022-02-14T12:02:28","guid":{"rendered":"https:\/\/neuemobility.com\/?page_id=521"},"modified":"2022-02-17T13:58:11","modified_gmt":"2022-02-17T13:58:11","slug":"projekt-d","status":"publish","type":"page","link":"https:\/\/neuemobility.com\/?page_id=521","title":{"rendered":"Projekt D &#8211; Urban Jungle"},"content":{"rendered":"\r\n<h4 class=\"wp-block-heading\" id=\"leitziele\">\u00a0<\/h4>\r\n\r\n\r\n\r\n<p>Reallabor (Aufzeigen von Qualit\u00e4tsverbesserungen um die Zukunft zu gestalten!)<\/p>\r\n\r\n\r\n\r\n<p>Portugiesenviertel klimaresilient gestalten<\/p>\r\n\r\n\r\n\r\n<p><strong>Multikultur f\u00f6rdern<\/strong><\/p>\r\n\r\n\r\n\r\n<p>Erh\u00f6hung der Aufenthaltsqualit\u00e4t<\/p>\r\n<p>&nbsp;<\/p>\r\n<p><img loading=\"lazy\" decoding=\"async\" class=\"aligncenter size-full wp-image-646\" src=\"https:\/\/neuemobility.com\/wp-content\/uploads\/2022\/02\/Screenshot-2022-02-17-at-12.56.17.png\" alt=\"\" width=\"702\" height=\"921\" srcset=\"https:\/\/neuemobility.com\/wp-content\/uploads\/2022\/02\/Screenshot-2022-02-17-at-12.56.17.png 702w, https:\/\/neuemobility.com\/wp-content\/uploads\/2022\/02\/Screenshot-2022-02-17-at-12.56.17-229x300.png 229w\" sizes=\"auto, (max-width: 702px) 100vw, 702px\" \/><\/p>\r\n<p>&nbsp;<\/p>\r\n<p>&nbsp;<\/p>\r\n<h4 id=\"leitziele\">PREVIEW<\/h4>\r\n<div id=\"twenty20-1\" class=\"twenty20\" style=\"width: 100% !important; clear: both;\"><div class=\"twentytwenty-container twenty20-1 \"><img decoding=\"async\" src=\"https:\/\/neuemobility.com\/wp-content\/uploads\/2022\/02\/Screenshot-2022-02-17-at-12.46.23.png\" alt=\"Before image\" \/><img decoding=\"async\" src=\"https:\/\/neuemobility.com\/wp-content\/uploads\/2022\/02\/Screenshot-2022-02-17-at-12.46.35.png\" alt=\"After image\" \/><\/div><\/div>\r\n<p>&nbsp;<\/p>\r\n<p>\u00a9 Philip Roloff, Julian Lindner, Linus Conz<\/p>\r\n","protected":false},"excerpt":{"rendered":"<p>\u00a0 Reallabor (Aufzeigen von Qualit\u00e4tsverbesserungen um die Zukunft zu gestalten!) Portugiesenviertel klimaresilient gestalten Multikultur f\u00f6rdern Erh\u00f6hung der Aufenthaltsqualit\u00e4t &nbsp; &nbsp; &nbsp; PREVIEW &nbsp; \u00a9 Philip Roloff, Julian Lindner, Linus Conz<\/p>\n","protected":false},"author":1,"featured_media":0,"parent":0,"menu_order":0,"comment_status":"closed","ping_status":"closed","template":"full-width-page.php","meta":{"footnotes":""},"class_list":["post-521","page","type-page","status-publish","hentry"],"_links":{"self":[{"href":"https:\/\/neuemobility.com\/index.php?rest_route=\/wp\/v2\/pages\/521","targetHints":{"allow":["GET"]}}],"collection":[{"href":"https:\/\/neuemobility.com\/index.php?rest_route=\/wp\/v2\/pages"}],"about":[{"href":"https:\/\/neuemobility.com\/index.php?rest_route=\/wp\/v2\/types\/page"}],"author":[{"embeddable":true,"href":"https:\/\/neuemobility.com\/index.php?rest_route=\/wp\/v2\/users\/1"}],"replies":[{"embeddable":true,"href":"https:\/\/neuemobility.com\/index.php?rest_route=%2Fwp%2Fv2%2Fcomments&post=521"}],"version-history":[{"count":13,"href":"https:\/\/neuemobility.com\/index.php?rest_route=\/wp\/v2\/pages\/521\/revisions"}],"predecessor-version":[{"id":661,"href":"https:\/\/neuemobility.com\/index.php?rest_route=\/wp\/v2\/pages\/521\/revisions\/661"}],"wp:attachment":[{"href":"https:\/\/neuemobility.com\/index.php?rest_route=%2Fwp%2Fv2%2Fmedia&parent=521"}],"curies":[{"name":"wp","href":"https:\/\/api.w.org\/{rel}","templated":true}]}}

<h4 class="wp-block-heading" id="leitziele"> </h4>



<p>Reallabor (Aufzeigen von Qualitätsverbesserungen um die Zukunft zu gestalten!)</p>



<p>Portugiesenviertel klimaresilient gestalten</p>



<p><strong>Multikultur fördern</strong></p>



<p>Erhöhung der Aufenthaltsqualität</p>
<p>&nbsp;</p>
<p><img loading="lazy" decoding="async" class="aligncenter size-full wp-image-646" src="https://neuemobility.com/wp-content/uploads/2022/02/Screenshot-2022-02-17-at-12.56.17.png" alt="" width="702" height="921" srcset="https://neuemobility.com/wp-content/uploads/2022/02/Screenshot-2022-02-17-at-12.56.17.png 702w, https://neuemobility.com/wp-content/uploads/2022/02/Screenshot-2022-02-17-at-12.56.17-229x300.png 229w" sizes="auto, (max-width: 702px) 100vw, 702px" /></p>
<p>&nbsp;</p>
<p>&nbsp;</p>
<h4 id="leitziele">PREVIEW</h4>
<div id="twenty20-1" class="twenty20" style="width: 100% !important; clear: both;"><div class="twentytwenty-container twenty20-1 "><img decoding="async" src="https://neuemobility.com/wp-content/uploads/2022/02/Screenshot-2022-02-17-at-12.46.23.png" alt="Before image" /><img decoding="async" src="https://neuemobility.com/wp-content/uploads/2022/02/Screenshot-2022-02-17-at-12.46.35.png" alt="After image" /></div></div>
<p>&nbsp;</p>
<p>© Philip Roloff, Julian Lindner, Linus Conz</p>

<p>  Reallabor (Aufzeigen von Qualitätsverbesserungen um die Zukunft zu gestalten!) Portugiesenviertel klimaresilient gestalten Multikultur fördern Erhöhung der Aufenthaltsqualität &nbsp; &nbsp; &nbsp; PREVIEW &nbsp; © Philip Roloff, Julian Lindner, Linus Conz</p>
